*o. Calculate the remainder when o is divided by 31.
28
Let h(p) = 19*p**2 + 1. Suppose 263 = 4*f - 45. What is the remainder when f is divided by h(1)?
17
Calculate the remainder when (-110)/(-33)*45/2 is divided by 20.
15
Suppose -2*s - 5*a = -8 - 20, -s = -5*a + 16. Suppose 16 = 4*k, 0*z - 3*k - 8 = -s*z. Calculate the remainder when (-74)/(-6) - 4/(-6) is divided by z.
3
Suppose -w + 0*w + 97 = -2*u, -99 = -w + u. What is the remainder when w is divided by 26?
23
Let h = 128 - 69. Calculate the remainder when h is divided by 15.
14
Let l be 0 - (-2 + 0 + 2). Suppose l*d - 4*d + 76 = 0. Calculate the remainder when d is divided by 7.
5
Let i(l) = 3*l - 24. What is the remainder when 82 is divided by i(15)?
19
Let c = 1 - -2. Suppose c*o = -o. Calculate the remainder when 19 is divided by (o - -2)*(-14)/(-4).
5
Let i(m) be the third derivative of 8/3*m**3 + 3*m**2 + 0*m + 0 - 1/24*m**4. What is the remainder when 30 is divided by i(0)?
14
Suppose 6 + 9 = 5*i. Suppose -i*j = 2*x - 88, -2*j + 4 = -4. What is the remainder when x is divided by 20?
18
Suppose 3*m = -i + 10, m = i - m + 10. Let x be ((-8)/(-10))/((-1)/5). What is the remainder when -3*(x + 0) - i is divided by 8?
6
Let m(v) = v**2 - 3*v + 8. Let g(b) = 3*b. Suppose f = 6*f - 10. Let y be g(f). Calculate the remainder when m(y) is divided by 9.
8
Let p be 2/4 + 15/6. Suppose 3*y - 39 = -p*x, 3*x + 4*y - 16 - 27 = 0. Calculate the remainder when 17 is divided by x.
8
Let c = 131 - 56. Suppose 3*b + 2*q - 49 = 0, 4*b - 3*q = 62 + 26. Calculate the remainder when c is divided by b.
18
What is the remainder when 27 is divided by 36/6*(0 - 6/(-9))?
3
Let j = 74 - -22. Suppose 0*u - 3*u + 81 = r, 3*u - 4*r = j. Let y = u - 17. Calculate the remainder when 43 is divided by y.
10
Let w = 191 + -54. Calculate the remainder when w is divided by 46.
45
Let w(l) = -5*l + 6. Let b(q) = -9*q + 12. Let p(j) = -3*b(j) + 5*w(j). What is the remainder when 10 is divided by p(5)?
2
Suppose 3*f - 2*i - 21 = 0, f - 21 = -0*i - 4*i. Calculate the remainder when 35 is divided by f.
8
Let f(z) = -z**2 - 8*z - 9. Let i be f(-7). Calculate the remainder when 13 is divided by i - ((-5 - 2) + -3).
5
What is the remainder when ((-8)/(-24))/(1/57) is divided by 11?
8
Let n be 0/(-1) + (-104)/(-2). Suppose -j - j = -n. What is the remainder when j is divided by (-2)/4 + (-45)/(-6)?
5
Let s(z) = z + 4. Let k(y) = 0*y**2 + 3*y + 2*y + 2 + 2*y**2. What is the remainder when k(-3) is divided by s(-2)?
1
Let j = 50 - 40. Let l(t) = t**3 - t + 6. Calculate the remainder when j is divided by l(0).
4
Suppose -2*n - 5*b = -3*b - 18, 0 = 3*n - 2*b - 42. What is the remainder when -68*(-3)/6 - 0 is divided by n?
10
Let h(j) = -j**3 - 7*j**2 - 5*j + 8. Let w be h(-6). Let n = 25 - w. What is the remainder when n is divided by 12?
11
Let z(t) = -7*t - 90. What is the remainder when z(-23) is divided by 38?
33
Suppose 3 = -2*b + i, 0*i - 4*i = -b + 16. Let x = 5 + -33. What is the remainder when 27 is divided by (-2 - -4)/(b/x)?
13
Let g = 73 - -11. What is the remainder when g is divided by 17?
16
Let x be 1*12 + (-4)/(-2). Let s = x - 7. Suppose -2*l - 3*l + 20 = 0. Calculate the remainder when s is divided by l.
3
Let j = 20 - 17. Suppose -j*t = -0*t - 138. Calculate the remainder when t is divided by 12.
10
Let q be (6/15)/((-2)/30). Calculate the remainder when ((-4)/q)/(2/105) is divided by 12.
11
Suppose z + z = -120. Let y = -22 - z. Suppose -2*j + 0*j = -y. Calculate the remainder when j is divided by 5.
4
Let o = 4 + -1. Suppose -2*y - o*y + 75 = 0. Calculate the remainder when y is divided by 4.
3
Suppose 4*i - 3*i - 1 = 4*b, -5*i + 80 = 5*b. Calculate the remainder when i is divided by 8.
5
Let w = 10 - 17. What is the remainder when (-553)/(-49) + 2/w is divided by 3?
2
Let p = 14 - -23. What is the remainder when p is divided by 8?
5
Calculate the remainder when 14 is divided by (-18)/(-5) - 8/(-20).
2
Calculate the remainder when 104 is divided by ((-4)/12)/((-2)/126).
20
Let z(j) = j**3 + 7*j**2 + 9*j - 6. Calculate the remainder when 19 is divided by z(-4).
1
Suppose t = 6*t - 110. Let k = -10 + t. What is the remainder when 47 is divided by k?
11
Let h = 8 + -5. Let j = h + 4. Calculate the remainder when 25 is divided by j.
4
Let h = -18 - -41. Calculate the remainder when (36/21)/(10/525) is divided by h.
21
Let o(q) = 3*q**3 - 3*q**2 + 2*q - 2. Let c be o(2). Let t = c + -8. Calculate the remainder when 18/2 + (-2)/(-2) is divided by t.
4
Suppose 6*t = 4*t + 162. What is the remainder when t is divided by 42?
39
Let t(f) = 6*f**2 + 2*f - 1. Let b be t(-2). Let g = b + -4. Calculate the remainder when g is divided by 15/2 - 3/(-6).
7
Suppose 2*h + 2 = 30. Suppose 5*a - h = 31. Let s(d) = 4*d**2 + 2*d + 5. Calculate the remainder when s(-3) is divided by a.
8
Let x(f) = -f**2 + f + 3. Let k = 25 + -20. Calculate the remainder when k/2*(-506)/(-115) is divided by x(0).
2
Suppose 0 = i - 6*i. Suppose -2*q + 5*q - 27 = i. Let z = 59 - 34. What is the remainder when z is divided by q?
7
Let v(d) = d + 22. What is the remainder when 21 is divided by v(-14)?
5
Calculate the remainder when 69 is divided by ((-8)/(-10))/((-10)/(-225)).
15
Suppose 100 - 39 = 3*k + 5*s, 3*k - 4*s - 16 = 0. Let d = k + -10. What is the remainder when (-2 - -2)/(-1) + 3 is divided by d?
1
Let l(k) = -k**3 - 4*k**2 + 3. Calculate the remainder when (80/(-10) - -4) + (-12)/(-1) is divided by l(-4).
2
Suppose 5*m - 8 = 4*m - l, 2*m + 3*l - 15 = 0. Suppose -6 + 31 = 5*z. What is the remainder when m is divided by z?
4
Suppose 3*s - 2*s - 4 = 0. Let d(l) = l**2 - 5*l + 5. What is the remainder when d(s) is divided by 1?
0
Let g be -1*-5*(3 - 2). Suppose -i + g = -3. What is the remainder when 22 is divided by i?
6
Let j(r) be the third derivative of r**4/6 - r**3 + 2*r**2. What is the remainder when (-132)/((-3)/1) + -3 is divided by j(5)?
13
Suppose -17 - 7 = -3*f. What is the remainder when 46 is divided by f?
6
Suppose -2*w = -18*w + 1312. What is the remainder when w is divided by 21?
19
Let h(v) be the third derivative of v**5/60 + v**4/6 - v**3/6 + v**2. Let b = 35 - 15. What is the remainder when b is divided by h(-6)?
9
Let l = -5 - -9. Suppose h - 4*f = -14, -2*f = -3*h + 2*h - l. Calculate the remainder when 10 is divided by h.
4
Let r = -25 - -16. What is the remainder when 41 is divided by (-2 - 60/r)*3?
13
Let j(z) = z**3 - 3*z**2 + 4*z - 2. Let s be j(2). Let l = -6 + 7. Calculate the remainder when 10 is divided by 52/8 - l/s.
4
Suppose -41 = 2*m - 65. Calculate the remainder when 22 is divided by m.
10
Suppose -21 = -v - 3*a, 3*v + 2*a - 11 - 24 = 0. Let c = -20 - -45. What is the remainder when c is divided by v?
7
Suppose o - 2 = 3*o, 3*z + 19 = 2*o. Let h(q) = -3*q - 9. Calculate the remainder when 35 is divided by h(z).
11
Suppose -5*c - u + 8 = -6, -3*u = c. What is the remainder when 4 is divided by c?
1
Suppose 4*j + 18 = 3*w - 19, w + 4*j - 39 = 0. Calculate the remainder when w is divided by 5.
4
Let v = 24 - 40. Let p = v + 30. Calculate the remainder when 25 is divided by p.
11
Let a be (-2)/8 + 100/16. Let o be (6/12)/(1/a). Calculate the remainder when (-9)/o + 1 + 32 is divided by 8.
6
Suppose -2*g + g - 4*b + 1 = 0, 0 = 3*g - 4*b - 67. Suppose 65 = -4*p + g. Let d = p + 30. Calculate the remainder when 53 is divided by d.
17
Suppose -255 = -t - 4*t. Let y(h) = -5*h - 102. What is the remainder when t is divided by y(-23)?
12
Let n = 223 - 129. Calculate the remainder when n is divided by 19.
18
Let i be 1*(2 + (3 - 1)). Let x = 94 - i. What is the remainder when x is divided by 23?
21
Suppose 63 = 3*s - 2*s. Suppose -21 - 11 = -2*l. What is the remainder when s is divided by l?
15
Suppose -40*g + 35*g = -355. What is the remainder when g is divided by 24?
23
Suppose -10*i + 1213 = 323. What is the remainder when i is divided by 15?
14
Suppose 145 + 56 = 3*t. Calculate the remainder when t is divided by (21/(-4))/((-21)/56).
11
Let f be ((-15)/30)/(2/12). What is the remainder when f - (-2 - 21 - -1) is divided by 10?
9
Let g be (8/6)/(4/6). Suppose 2*q - 12 = -g*q. Suppose -53 = -q*w - 14. Calculate the remainder when w is divided by 7.
6
Suppose -r - 14*t = -9*t - 9, -3*r + 27 = -2*t. Let j(c) = -c**3 -